{"id":9,"date":"2019-08-01T12:33:06","date_gmt":"2019-08-01T12:33:06","guid":{"rendered":"http:\/\/www.pasqualinabarazza.ch\/?page_id=9"},"modified":"2025-11-04T09:36:48","modified_gmt":"2025-11-04T09:36:48","slug":"__trashed","status":"publish","type":"page","link":"https:\/\/www.pasqualinabarazza.ch\/?page_id=9","title":{"rendered":"about"},"content":{"rendered":"\n<p class=\"has-medium-font-size\">About me<\/p>\n\n\n<div class=\"wp-block-image\">\n<figure class=\"aligncenter size-large is-resized\"><a href=\"https:\/\/www.pasqualinabarazza.ch\/wp-content\/uploads\/2021\/07\/IMG_0873-1-scaled.jpg\"><img loading=\"lazy\" decoding=\"async\" width=\"1024\" height=\"683\" src=\"https:\/\/www.pasqualinabarazza.ch\/wp-content\/uploads\/2021\/07\/IMG_0873-1-1024x683.jpg\" alt=\"\" class=\"wp-image-865\" style=\"width:642px;height:auto\" srcset=\"https:\/\/www.pasqualinabarazza.ch\/wp-content\/uploads\/2021\/07\/IMG_0873-1-1024x683.jpg 1024w, https:\/\/www.pasqualinabarazza.ch\/wp-content\/uploads\/2021\/07\/IMG_0873-1-300x200.jpg 300w, https:\/\/www.pasqualinabarazza.ch\/wp-content\/uploads\/2021\/07\/IMG_0873-1-768x512.jpg 768w, https:\/\/www.pasqualinabarazza.ch\/wp-content\/uploads\/2021\/07\/IMG_0873-1-1536x1024.jpg 1536w, https:\/\/www.pasqualinabarazza.ch\/wp-content\/uploads\/2021\/07\/IMG_0873-1-2048x1365.jpg 2048w\" sizes=\"auto, (max-width: 1024px) 100vw, 1024px\" \/><\/a><figcaption class=\"wp-element-caption\">Hello!  It&#8217;s me, Ich bin&#8217;s, Pasqualina Barazza<\/figcaption><\/figure><\/div>\n\n\n<p class=\"has-text-align-right\">Deutsch weiter unten.<\/p>\n\n\n\n<p>I make quilts for your body and your home. Art that warms you.<\/p>\n\n\n\n<p>You can use them on your couch, in your favorite armchair, or put them on your bed. They are meant to be used and washed. At the same time they embellish your home if you choose to hang them on your walls. Each one is my original design and as such a work of art. My quilts are precious for the thoughts, care, and time that went into the making, yet they remain practical objects.<\/p>\n\n\n\n<p>I&#8217;m a self-taught quilter. I owe my passion to all the quilters that came  before me and hope to honor their heritage. I&#8217;m in debt with many of them that went through the process of writing books that inspired and enabled me to learn my skill and I&#8217;m even more deeply in debt with all the generous quilters that freely disseminate their knowledge throughout the web.<\/p>\n\n\n\n<p>A former business administrator by trade I&#8217;ve chosen to devote my time to designing and making quilts exploring the endless possibilities of this creative way of expression. Years have gone by since and I&#8217;m as enthused and curious as ever. <br>Ergo ago. <\/p>\n\n\n\n<p>I create in Basel, Switzerland.<\/p>\n\n\n\n<hr class=\"wp-block-separator has-css-opacity\"\/>\n\n\n\n<p><br>Meine Quilts geben W\u00e4rme und Behaglichkeit. Ob im Lieblingssessel, auf dem Sofa oder im Bett, mit ihnen kann man kuscheln. Sie sind zum brauchen und waschen gedacht. Immer und immer wieder. Sie schm\u00fccken auch das Heim. Ob an die Wand geh\u00e4ngt oder \u00fcber eine Armlehne drapiert. Jeder ist von mir individuell entworfen und gen\u00e4ht worden und ein Unikat. Der gesamte kreative Prozess und die sorgf\u00e4ltige Herstellung machen meine Quilts zu wertvollen, gleichzeitig praktischen Objekten. Kunst, die w\u00e4rmt.<\/p>\n\n\n\n<p>Ich habe mir das Quilten selbst beigebracht. Ich verdanke meine Leidenschaft unz\u00e4hligen Quilterinnen und Quiltern, die vor mir da waren und trage Sorge zum Erbe. Ich stehe in der Schuld von vielen, die sich die M\u00fche gemacht haben, B\u00fccher zu schreiben, die mich inspiriert haben und es mir erm\u00f6glicht haben, diese Fertigkeiten zu lernen. Unendlich dankbar bin ich all jenen grossz\u00fcgigen Gleichgesinnten, die ihr Wissen uneigenn\u00fctzig teilen.<\/p>\n\n\n\n<p>Von Beruf Betriebs\u00f6konomin habe ich mich entschieden, meine Zeit dem Entwerfen und Gestalten von Quilts zu widmen und die unendlichen Weiten dieser kreativen Ausdrucksweise zu erforschen. Jahre sind seither vergangen und ich bin begeistert und neugierig wie zuvor.<br>Ergo ago.<\/p>\n\n\n\n<p>Ich lebe und kreiere im sch\u00f6nen Basel in der Schweiz. &nbsp;&nbsp;&nbsp;&nbsp;&nbsp;&nbsp;&nbsp;&nbsp;&nbsp;&nbsp;&nbsp;&nbsp;&nbsp;&nbsp;&nbsp;&nbsp;&nbsp;&nbsp;&nbsp;&nbsp;&nbsp;&nbsp;&nbsp;&nbsp;&nbsp;&nbsp;&nbsp;&nbsp;&nbsp;&nbsp;&nbsp;&nbsp;&nbsp;&nbsp;&nbsp;&nbsp;&nbsp;&nbsp;&nbsp;&nbsp;&nbsp;&nbsp;&nbsp;&nbsp;&nbsp;&nbsp;&nbsp;&nbsp;&nbsp;&nbsp;&nbsp;&nbsp;&nbsp;&nbsp;&nbsp;&nbsp;&nbsp;&nbsp;&nbsp;&nbsp;&nbsp;&nbsp;&nbsp;&nbsp;&nbsp;&nbsp;&nbsp;&nbsp;&nbsp;&nbsp;&nbsp;&nbsp;&nbsp;&nbsp;&nbsp;&nbsp;&nbsp;&nbsp;&nbsp;&nbsp;&nbsp;&nbsp;&nbsp;&nbsp;&nbsp;&nbsp;&nbsp;&nbsp;Eine umfassende Einf\u00fchrung ins Thema Quilts findest du <a aria-label=\" (opens in a new tab)\" href=\"https:\/\/de.wikipedia.org\/wiki\/Quilt\" target=\"_blank\" rel=\"noreferrer noopener\">hier<\/a>.<\/p>\n\n\n\n<hr class=\"wp-block-separator has-css-opacity\"\/>\n\n\n\n<p><br>I&#8217;m a member of:<br>&#8211; SAQA, Studio Art Quilt Associates, <a href=\"https:\/\/www.saqa.com\/\">saqa.com<\/a><br>&#8211; patCHquilt, Association of Swiss Quilters <a href=\"https:\/\/patchquilt.ch\/en\/\" data-type=\"link\" data-id=\"https:\/\/patchquilt.ch\/en\/\" target=\"_blank\" rel=\"noreferrer noopener\">patchquilt.ch<\/a><br>&#8211; Association Jurassienne de Patchwork<br>&#8211; Club du Patchwork du L\u00e9man<br>&#8211; I&#8217;m the founder and host of the local group &#8220;verquiltet&#8221;<\/p>\n\n\n<p>Exhibitions:<\/p>\n<p>2026&nbsp; &nbsp;upcoming Solo Exhibition in March at Kunstraum SGBK, Basel, Switzerland<\/p>\n<p>2025&nbsp; &nbsp;Kulturzentrum Dreispitz, Kreuzlingen, Switzerland, group exhibit with patCHquilt<br>&nbsp; &nbsp; &nbsp; &nbsp; &nbsp; &nbsp;National Patchwork Happening, Englien\/Edingen, Belgium, group exhibit with patCHquilt<br>&nbsp; &nbsp; &nbsp; &nbsp; &nbsp; &nbsp;Carrefour\/European Quilt Show, Salle Polyvalente, Li\u00e8pvre, France, group exhibit with patCHquilt<br>&nbsp; &nbsp; &nbsp; &nbsp; &nbsp; &nbsp;OpenArt Galerie, Basel, Switzerland, exhibit by own group &#8220;verquiltet&#8221;<br>&nbsp; &nbsp; &nbsp; &nbsp; &nbsp; &nbsp;Lavra Bell Tower, Kyiv, Ukraine, group exhibit of patCHquilt with Ukrainian Quilter&#8217;s Association<br>&nbsp; &nbsp; &nbsp; &nbsp; &nbsp; &nbsp;Verona Tessile, Verona, Italy, group exhibit with patCHquilt<br>&nbsp; &nbsp; &nbsp; &nbsp; &nbsp; &nbsp;Palazzo dei Congressi, Lugano, Switzerland, group exhibit with patCHquilt<br>&nbsp; &nbsp; &nbsp; &nbsp; &nbsp; &nbsp;CREARTE Granada DIY, Granada, Spain, group exhibit with patCHquilt<br>&nbsp; &nbsp; &nbsp; &nbsp; &nbsp; &nbsp;Salle Communale du Perdtemps, Nyon, Switzerland, group exhibit with patCHquilt<br>&nbsp; &nbsp; &nbsp; &nbsp; &nbsp; &nbsp;Patchwork &amp; Quiltdagen, De Broodfabriek, Rijswijk, The Netherlands, group exhibit with patCHquilt<br>2024&nbsp; &nbsp;Klostertorkel, Maienfeld, Grisons, Switzerland, group exhibit with patCHquilt<br>&nbsp; &nbsp; &nbsp; &nbsp; &nbsp; &nbsp;Orangerie der Villa Saroli, Lugano, Switzerland, group exhibit with patCHquilt<br>&nbsp; &nbsp; &nbsp; &nbsp; &nbsp; &nbsp;Villa Ciani, Lugano, Switzerland, Evento Artigiano, group exhibit with patCHquilt<br>&nbsp; &nbsp; &nbsp; &nbsp; &nbsp; &nbsp; Abilmente, Vicenza, Italy, group exhibit with patCHquilt&nbsp;<br>&nbsp; &nbsp; &nbsp; &nbsp; &nbsp; &nbsp; Elfenau Bern, Grosse Orangerie, Switzerland, Quilts with Indonesian Influence in cooperation with Indonesian Embassy, group exhibit with Quilts.Bern<br>&nbsp; &nbsp; &nbsp; &nbsp; &nbsp; &nbsp; European Patchwork Meeting, Chapelle Saint-Joseph, Sainte-Marie-aux-Mines, France, group exhibit with patCHquilt<br>&nbsp; &nbsp; &nbsp; &nbsp; &nbsp; &nbsp; Salle Communale, Nyon, Switzerland, group exhibit with patCHquilt<br>&nbsp; &nbsp; &nbsp; &nbsp; &nbsp; &nbsp; Kunsthaus Z\u00fcrich, Switzerland, group exhibit at General Assembly of patCHquilt<br>2023&nbsp; &nbsp;Sieberhuus, Lyss, Switzerland, group exhibit with Seeland Quilters<br>&nbsp; &nbsp; &nbsp; &nbsp; &nbsp; &nbsp; Nadelwelt, Friedrichshafen, Germany, group exhibit with patCHquilt<br>&nbsp; &nbsp; &nbsp; &nbsp; &nbsp; &nbsp; Asilo Ciani, Lugano, Switzerland, Regionaltag patCHquilt, group exhibit<br>&nbsp; &nbsp; &nbsp; &nbsp; &nbsp; &nbsp; Halle des Expositions, Del\u00e9mont, Switzerland, group exhibit with Association Jurassienne de Patchwork<br>&nbsp; &nbsp; &nbsp; &nbsp; &nbsp; &nbsp; Verona Tessile, Verona, Italy, group exhibit with patCHquilt<br>&nbsp; &nbsp; &nbsp; &nbsp; &nbsp; &nbsp; Landhaus Solothurn, Switzerland, group exhibit at General Assembly patCHquilt<br>2022&nbsp; &nbsp;Abilmente, Vicenza, Italy, group exhibit with patCHquilt<br>&nbsp; &nbsp; &nbsp; &nbsp; &nbsp; &nbsp; Nadelwelt, Friedrichshafen, Germany, group exhibit with patCHquilt<br>&nbsp; &nbsp; &nbsp; &nbsp; &nbsp; &nbsp; Elfenau Bern, Grosse Orangerie, Bern, Switzerland, Quarantine Quilts, group exhibit with Quilts.Bern<br>&nbsp; &nbsp; &nbsp; &nbsp; &nbsp; &nbsp; Landhaus Solothurn, Switzerland, group exhibit at General Assembly patCHquilt<br>2020&nbsp; &nbsp;Kunstraum Mehrblick, Basel, Switzerland, Ergo Ago Quilts, Solo Exhibition<\/p>\n\n\n<p>Published in:<br>&#8211; Patchwork Professional 01\/2023, Interview<br>&#8211; Podcast Quilt Karussell by Emanuela Jeske, E104 2022, Interview<br>&#8211; patCHquilt periodical no. 134 2022, Portrait<br>&#8211; patCHquilt periodical no. 127 2020, Ergo Ago Quilts solo exhibition report<br><\/p>\n\n\n\n<p><\/p>\n","protected":false},"excerpt":{"rendered":"<p>About me Deutsch weiter unten. I make quilts for your body and your home. Art that warms you. You can use them on your couch, in your favorite armchair, or put them on your bed. They are meant to be used and washed. At the same time they embellish your home if you choose to hang them on your walls. Each one is my original design and as such a<\/p>\n<div class=\"read-more\"><a class=\"btn read-more-btn\" href=\"https:\/\/www.pasqualinabarazza.ch\/?page_id=9\">Read More<\/a><\/div>\n","protected":false},"author":1,"featured_media":0,"parent":0,"menu_order":0,"comment_status":"closed","ping_status":"closed","template":"","meta":{"ngg_post_thumbnail":0,"footnotes":""},"class_list":["post-9","page","type-page","status-publish","hentry"],"_links":{"self":[{"href":"https:\/\/www.pasqualinabarazza.ch\/index.php?rest_route=\/wp\/v2\/pages\/9","targetHints":{"allow":["GET"]}}],"collection":[{"href":"https:\/\/www.pasqualinabarazza.ch\/index.php?rest_route=\/wp\/v2\/pages"}],"about":[{"href":"https:\/\/www.pasqualinabarazza.ch\/index.php?rest_route=\/wp\/v2\/types\/page"}],"author":[{"embeddable":true,"href":"https:\/\/www.pasqualinabarazza.ch\/index.php?rest_route=\/wp\/v2\/users\/1"}],"replies":[{"embeddable":true,"href":"https:\/\/www.pasqualinabarazza.ch\/index.php?rest_route=%2Fwp%2Fv2%2Fcomments&post=9"}],"version-history":[{"count":71,"href":"https:\/\/www.pasqualinabarazza.ch\/index.php?rest_route=\/wp\/v2\/pages\/9\/revisions"}],"predecessor-version":[{"id":1274,"href":"https:\/\/www.pasqualinabarazza.ch\/index.php?rest_route=\/wp\/v2\/pages\/9\/revisions\/1274"}],"wp:attachment":[{"href":"https:\/\/www.pasqualinabarazza.ch\/index.php?rest_route=%2Fwp%2Fv2%2Fmedia&parent=9"}],"curies":[{"name":"wp","href":"https:\/\/api.w.org\/{rel}","templated":true}]}}

<p class="has-medium-font-size">About me</p>


<div class="wp-block-image">
<figure class="aligncenter size-large is-resized"><a href="https://www.pasqualinabarazza.ch/wp-content/uploads/2021/07/IMG_0873-1-scaled.jpg"><img loading="lazy" decoding="async" width="1024" height="683" src="https://www.pasqualinabarazza.ch/wp-content/uploads/2021/07/IMG_0873-1-1024x683.jpg" alt="" class="wp-image-865" style="width:642px;height:auto" srcset="https://www.pasqualinabarazza.ch/wp-content/uploads/2021/07/IMG_0873-1-1024x683.jpg 1024w, https://www.pasqualinabarazza.ch/wp-content/uploads/2021/07/IMG_0873-1-300x200.jpg 300w, https://www.pasqualinabarazza.ch/wp-content/uploads/2021/07/IMG_0873-1-768x512.jpg 768w, https://www.pasqualinabarazza.ch/wp-content/uploads/2021/07/IMG_0873-1-1536x1024.jpg 1536w, https://www.pasqualinabarazza.ch/wp-content/uploads/2021/07/IMG_0873-1-2048x1365.jpg 2048w" sizes="auto, (max-width: 1024px) 100vw, 1024px" /></a><figcaption class="wp-element-caption">Hello!  It&#8217;s me, Ich bin&#8217;s, Pasqualina Barazza</figcaption></figure></div>


<p class="has-text-align-right">Deutsch weiter unten.</p>



<p>I make quilts for your body and your home. Art that warms you.</p>



<p>You can use them on your couch, in your favorite armchair, or put them on your bed. They are meant to be used and washed. At the same time they embellish your home if you choose to hang them on your walls. Each one is my original design and as such a work of art. My quilts are precious for the thoughts, care, and time that went into the making, yet they remain practical objects.</p>



<p>I&#8217;m a self-taught quilter. I owe my passion to all the quilters that came  before me and hope to honor their heritage. I&#8217;m in debt with many of them that went through the process of writing books that inspired and enabled me to learn my skill and I&#8217;m even more deeply in debt with all the generous quilters that freely disseminate their knowledge throughout the web.</p>



<p>A former business administrator by trade I&#8217;ve chosen to devote my time to designing and making quilts exploring the endless possibilities of this creative way of expression. Years have gone by since and I&#8217;m as enthused and curious as ever. <br>Ergo ago. </p>



<p>I create in Basel, Switzerland.</p>



<hr class="wp-block-separator has-css-opacity"/>



<p><br>Meine Quilts geben Wärme und Behaglichkeit. Ob im Lieblingssessel, auf dem Sofa oder im Bett, mit ihnen kann man kuscheln. Sie sind zum brauchen und waschen gedacht. Immer und immer wieder. Sie schmücken auch das Heim. Ob an die Wand gehängt oder über eine Armlehne drapiert. Jeder ist von mir individuell entworfen und genäht worden und ein Unikat. Der gesamte kreative Prozess und die sorgfältige Herstellung machen meine Quilts zu wertvollen, gleichzeitig praktischen Objekten. Kunst, die wärmt.</p>



<p>Ich habe mir das Quilten selbst beigebracht. Ich verdanke meine Leidenschaft unzähligen Quilterinnen und Quiltern, die vor mir da waren und trage Sorge zum Erbe. Ich stehe in der Schuld von vielen, die sich die Mühe gemacht haben, Bücher zu schreiben, die mich inspiriert haben und es mir ermöglicht haben, diese Fertigkeiten zu lernen. Unendlich dankbar bin ich all jenen grosszügigen Gleichgesinnten, die ihr Wissen uneigennützig teilen.</p>



<p>Von Beruf Betriebsökonomin habe ich mich entschieden, meine Zeit dem Entwerfen und Gestalten von Quilts zu widmen und die unendlichen Weiten dieser kreativen Ausdrucksweise zu erforschen. Jahre sind seither vergangen und ich bin begeistert und neugierig wie zuvor.<br>Ergo ago.</p>



<p>Ich lebe und kreiere im schönen Basel in der Schweiz. &nbsp;&nbsp;&nbsp;&nbsp;&nbsp;&nbsp;&nbsp;&nbsp;&nbsp;&nbsp;&nbsp;&nbsp;&nbsp;&nbsp;&nbsp;&nbsp;&nbsp;&nbsp;&nbsp;&nbsp;&nbsp;&nbsp;&nbsp;&nbsp;&nbsp;&nbsp;&nbsp;&nbsp;&nbsp;&nbsp;&nbsp;&nbsp;&nbsp;&nbsp;&nbsp;&nbsp;&nbsp;&nbsp;&nbsp;&nbsp;&nbsp;&nbsp;&nbsp;&nbsp;&nbsp;&nbsp;&nbsp;&nbsp;&nbsp;&nbsp;&nbsp;&nbsp;&nbsp;&nbsp;&nbsp;&nbsp;&nbsp;&nbsp;&nbsp;&nbsp;&nbsp;&nbsp;&nbsp;&nbsp;&nbsp;&nbsp;&nbsp;&nbsp;&nbsp;&nbsp;&nbsp;&nbsp;&nbsp;&nbsp;&nbsp;&nbsp;&nbsp;&nbsp;&nbsp;&nbsp;&nbsp;&nbsp;&nbsp;&nbsp;&nbsp;&nbsp;&nbsp;&nbsp;Eine umfassende Einführung ins Thema Quilts findest du <a aria-label=" (opens in a new tab)" href="https://de.wikipedia.org/wiki/Quilt" target="_blank" rel="noreferrer noopener">hier</a>.</p>



<hr class="wp-block-separator has-css-opacity"/>



<p><br>I&#8217;m a member of:<br>&#8211; SAQA, Studio Art Quilt Associates, <a href="https://www.saqa.com/">saqa.com</a><br>&#8211; patCHquilt, Association of Swiss Quilters <a href="https://patchquilt.ch/en/" data-type="link" data-id="https://patchquilt.ch/en/" target="_blank" rel="noreferrer noopener">patchquilt.ch</a><br>&#8211; Association Jurassienne de Patchwork<br>&#8211; Club du Patchwork du Léman<br>&#8211; I&#8217;m the founder and host of the local group &#8220;verquiltet&#8221;</p>


<p>Exhibitions:</p>
<p>2026&nbsp; &nbsp;upcoming Solo Exhibition in March at Kunstraum SGBK, Basel, Switzerland</p>
<p>2025&nbsp; &nbsp;Kulturzentrum Dreispitz, Kreuzlingen, Switzerland, group exhibit with patCHquilt<br>&nbsp; &nbsp; &nbsp; &nbsp; &nbsp; &nbsp;National Patchwork Happening, Englien/Edingen, Belgium, group exhibit with patCHquilt<br>&nbsp; &nbsp; &nbsp; &nbsp; &nbsp; &nbsp;Carrefour/European Quilt Show, Salle Polyvalente, Lièpvre, France, group exhibit with patCHquilt<br>&nbsp; &nbsp; &nbsp; &nbsp; &nbsp; &nbsp;OpenArt Galerie, Basel, Switzerland, exhibit by own group &#8220;verquiltet&#8221;<br>&nbsp; &nbsp; &nbsp; &nbsp; &nbsp; &nbsp;Lavra Bell Tower, Kyiv, Ukraine, group exhibit of patCHquilt with Ukrainian Quilter&#8217;s Association<br>&nbsp; &nbsp; &nbsp; &nbsp; &nbsp; &nbsp;Verona Tessile, Verona, Italy, group exhibit with patCHquilt<br>&nbsp; &nbsp; &nbsp; &nbsp; &nbsp; &nbsp;Palazzo dei Congressi, Lugano, Switzerland, group exhibit with patCHquilt<br>&nbsp; &nbsp; &nbsp; &nbsp; &nbsp; &nbsp;CREARTE Granada DIY, Granada, Spain, group exhibit with patCHquilt<br>&nbsp; &nbsp; &nbsp; &nbsp; &nbsp; &nbsp;Salle Communale du Perdtemps, Nyon, Switzerland, group exhibit with patCHquilt<br>&nbsp; &nbsp; &nbsp; &nbsp; &nbsp; &nbsp;Patchwork &amp; Quiltdagen, De Broodfabriek, Rijswijk, The Netherlands, group exhibit with patCHquilt<br>2024&nbsp; &nbsp;Klostertorkel, Maienfeld, Grisons, Switzerland, group exhibit with patCHquilt<br>&nbsp; &nbsp; &nbsp; &nbsp; &nbsp; &nbsp;Orangerie der Villa Saroli, Lugano, Switzerland, group exhibit with patCHquilt<br>&nbsp; &nbsp; &nbsp; &nbsp; &nbsp; &nbsp;Villa Ciani, Lugano, Switzerland, Evento Artigiano, group exhibit with patCHquilt<br>&nbsp; &nbsp; &nbsp; &nbsp; &nbsp; &nbsp; Abilmente, Vicenza, Italy, group exhibit with patCHquilt&nbsp;<br>&nbsp; &nbsp; &nbsp; &nbsp; &nbsp; &nbsp; Elfenau Bern, Grosse Orangerie, Switzerland, Quilts with Indonesian Influence in cooperation with Indonesian Embassy, group exhibit with Quilts.Bern<br>&nbsp; &nbsp; &nbsp; &nbsp; &nbsp; &nbsp; European Patchwork Meeting, Chapelle Saint-Joseph, Sainte-Marie-aux-Mines, France, group exhibit with patCHquilt<br>&nbsp; &nbsp; &nbsp; &nbsp; &nbsp; &nbsp; Salle Communale, Nyon, Switzerland, group exhibit with patCHquilt<br>&nbsp; &nbsp; &nbsp; &nbsp; &nbsp; &nbsp; Kunsthaus Zürich, Switzerland, group exhibit at General Assembly of patCHquilt<br>2023&nbsp; &nbsp;Sieberhuus, Lyss, Switzerland, group exhibit with Seeland Quilters<br>&nbsp; &nbsp; &nbsp; &nbsp; &nbsp; &nbsp; Nadelwelt, Friedrichshafen, Germany, group exhibit with patCHquilt<br>&nbsp; &nbsp; &nbsp; &nbsp; &nbsp; &nbsp; Asilo Ciani, Lugano, Switzerland, Regionaltag patCHquilt, group exhibit<br>&nbsp; &nbsp; &nbsp; &nbsp; &nbsp; &nbsp; Halle des Expositions, Delémont, Switzerland, group exhibit with Association Jurassienne de Patchwork<br>&nbsp; &nbsp; &nbsp; &nbsp; &nbsp; &nbsp; Verona Tessile, Verona, Italy, group exhibit with patCHquilt<br>&nbsp; &nbsp; &nbsp; &nbsp; &nbsp; &nbsp; Landhaus Solothurn, Switzerland, group exhibit at General Assembly patCHquilt<br>2022&nbsp; &nbsp;Abilmente, Vicenza, Italy, group exhibit with patCHquilt<br>&nbsp; &nbsp; &nbsp; &nbsp; &nbsp; &nbsp; Nadelwelt, Friedrichshafen, Germany, group exhibit with patCHquilt<br>&nbsp; &nbsp; &nbsp; &nbsp; &nbsp; &nbsp; Elfenau Bern, Grosse Orangerie, Bern, Switzerland, Quarantine Quilts, group exhibit with Quilts.Bern<br>&nbsp; &nbsp; &nbsp; &nbsp; &nbsp; &nbsp; Landhaus Solothurn, Switzerland, group exhibit at General Assembly patCHquilt<br>2020&nbsp; &nbsp;Kunstraum Mehrblick, Basel, Switzerland, Ergo Ago Quilts, Solo Exhibition</p>


<p>Published in:<br>&#8211; Patchwork Professional 01/2023, Interview<br>&#8211; Podcast Quilt Karussell by Emanuela Jeske, E104 2022, Interview<br>&#8211; patCHquilt periodical no. 134 2022, Portrait<br>&#8211; patCHquilt periodical no. 127 2020, Ergo Ago Quilts solo exhibition report<br></p>



<p></p>
